{"id":55,"date":"2020-06-27T17:11:25","date_gmt":"2020-06-27T15:11:25","guid":{"rendered":"https:\/\/www.bbtag-buchs.ch\/?page_id=55"},"modified":"2020-06-27T17:13:14","modified_gmt":"2020-06-27T15:13:14","slug":"immobilienverwaltung-und-verkauf","status":"publish","type":"page","link":"https:\/\/www.bbtag-buchs.ch\/?page_id=55","title":{"rendered":"Immobilienverwaltung und -verkauf"},"content":{"rendered":"\t\t<div data-elementor-type=\"wp-page\" data-elementor-id=\"55\" class=\"elementor elementor-55\">\n\t\t\t\t\t\t<section class=\"elementor-section elementor-top-section elementor-element elementor-element-c844e71 elementor-section-boxed elementor-section-height-default elementor-section-height-default\" data-id=\"c844e71\" data-element_type=\"section\">\n\t\t\t\t\t\t<div class=\"elementor-container elementor-column-gap-default\">\n\t\t\t\t\t<div class=\"elementor-column elementor-col-100 elementor-top-column elementor-element elementor-element-5f8be4a\" data-id=\"5f8be4a\" data-element_type=\"column\">\n\t\t\t<div class=\"elementor-widget-wrap elementor-element-populated\">\n\t\t\t\t\t\t<div class=\"elementor-element elementor-element-90f7720 elementor-widget elementor-widget-text-editor\" data-id=\"90f7720\" data-element_type=\"widget\" data-widget_type=\"text-editor.default\">\n\t\t\t\t<div class=\"elementor-widget-container\">\n\t\t\t\t\t\t\t<p>Wir \u00fcbernehmen die Verwaltung von Mehrfamilienh\u00e4usern sowie Stockwerkeigent\u00fcmer-Gemeinschaften.<\/p><p>Wir bieten folgende Dienstleistungen an:<\/p><ul><li style=\"font-weight: 400;\">F\u00fchren der Buchhaltung<\/li><li style=\"font-weight: 400;\">Erstellen der Heiz- und Nebenkostenabrechnung<\/li><li style=\"font-weight: 400;\">Verwalten der Mietverh\u00e4ltnisse<\/li><li style=\"font-weight: 400;\">Abwicklung Mietinkasso<\/li><li style=\"font-weight: 400;\">Wohnungsabnahmen<\/li><\/ul><p><strong>Falls Sie eine Eigentumswohnung, ein Haus oder Bauland verkaufen wollen, suchen und vermitteln wir\u00a0<\/strong><strong>Kaufinteressenten<\/strong><\/p>\t\t\t\t\t\t<\/div>\n\t\t\t\t<\/div>\n\t\t\t\t\t<\/div>\n\t\t<\/div>\n\t\t\t\t\t<\/div>\n\t\t<\/section>\n\t\t\t\t<\/div>\n\t\t","protected":false},"excerpt":{"rendered":"<p>Wir \u00fcbernehmen die Verwaltung von Mehrfamilienh\u00e4usern sowie Stockwerkeigent\u00fcmer-Gemeinschaften. Wir bieten folgende Dienstleistungen an: F\u00fchren der Buchhaltung Erstellen der Heiz- und Nebenkostenabrechnung Verwalten der Mietverh\u00e4ltnisse Abwicklung Mietinkasso Wohnungsabnahmen Falls Sie eine Eigentumswohnung, ein Haus oder Bauland verkaufen wollen, suchen und vermitteln wir\u00a0Kaufinteressenten<\/p>\n","protected":false},"author":1,"featured_media":0,"parent":9,"menu_order":0,"comment_status":"closed","ping_status":"closed","template":"","meta":{"_monsterinsights_skip_tracking":false,"_monsterinsights_sitenote_active":false,"_monsterinsights_sitenote_note":"","_monsterinsights_sitenote_category":0,"footnotes":""},"_links":{"self":[{"href":"https:\/\/www.bbtag-buchs.ch\/index.php?rest_route=\/wp\/v2\/pages\/55"}],"collection":[{"href":"https:\/\/www.bbtag-buchs.ch\/index.php?rest_route=\/wp\/v2\/pages"}],"about":[{"href":"https:\/\/www.bbtag-buchs.ch\/index.php?rest_route=\/wp\/v2\/types\/page"}],"author":[{"embeddable":true,"href":"https:\/\/www.bbtag-buchs.ch\/index.php?rest_route=\/wp\/v2\/users\/1"}],"replies":[{"embeddable":true,"href":"https:\/\/www.bbtag-buchs.ch\/index.php?rest_route=%2Fwp%2Fv2%2Fcomments&post=55"}],"version-history":[{"count":2,"href":"https:\/\/www.bbtag-buchs.ch\/index.php?rest_route=\/wp\/v2\/pages\/55\/revisions"}],"predecessor-version":[{"id":57,"href":"https:\/\/www.bbtag-buchs.ch\/index.php?rest_route=\/wp\/v2\/pages\/55\/revisions\/57"}],"up":[{"embeddable":true,"href":"https:\/\/www.bbtag-buchs.ch\/index.php?rest_route=\/wp\/v2\/pages\/9"}],"wp:attachment":[{"href":"https:\/\/www.bbtag-buchs.ch\/index.php?rest_route=%2Fwp%2Fv2%2Fmedia&parent=55"}],"curies":[{"name":"wp","href":"https:\/\/api.w.org\/{rel}","templated":true}]}}